igit of 1141?
1
What is the hundreds digit of 123236?
2
What is the ten thousands digit of 67003?
6
What is the units digit of 8144?
4
What is the thousands digit of 37259?
7
What is the units digit of 1064?
4
What is the tens digit of 883?
8
What is the units digit of 488?
8
What is the hundreds digit of 8574?
5
What is the tens digit of 2376?
7
What is the ten thousands digit of 36319?
3
What is the units digit of 4303?
3
What is the tens digit of 11154?
5
What is the units digit of 6751?
1
What is the tens digit of 8373?
7
What is the tens digit of 1637?
3
What is the units digit of 273?
3
What is the units digit of 5436?
6
What is the thousands digit of 1286?
1
What is the ten thousands digit of 38829?
3
What is the hundreds digit of 17699?
6
What is the hundreds digit of 6355?
3
What is the units digit of 1208?
8
What is the hundreds digit of 15146?
1
What is the thousands digit of 3117?
3
What is the tens digit of 586?
8
What is the thousands digit of 90925?
0
What is the tens digit of 364?
6
What is the units digit of 4667?
7
What is the units digit of 1474?
4
What is the tens digit of 1148?
4
What is the hundreds digit of 376?
3
What is the tens digit of 79182?
8
What is the tens digit of 6131?
3
What is the hundreds digit of 8538?
5
What is the thousands digit of 4591?
4
What is the tens digit of 7687?
8
What is the units digit of 6598?
8
What is the units digit of 1061?
1
What is the thousands digit of 111415?
1
What is the units digit of 80128?
8
What is the thousands digit of 31099?
1
What is the hundreds digit of 8333?
3
What is the thousands digit of 73251?
3
What is the units digit of 7474?
4
What is the tens digit of 10873?
7
What is the tens digit of 9595?
9
What is the tens digit of 19236?
3
What is the tens digit of 1337?
3
What is the thousands digit of 1983?
1
What is the units digit of 87654?
4
What is the units digit of 8061?
1
What is the hundreds digit of 529?
5
What is the hundreds digit of 25524?
5
What is the units digit of 68711?
1
What is the thousands digit of 27830?
7
What is the tens digit of 858?
5
What is the tens digit of 3009?
0
What is the ten thousands digit of 38024?
3
What is the thousands digit of 1858?
1
What is the hundreds digit of 23290?
2
What is the hundreds digit of 16289?
2
What is the tens digit of 50177?
7
What is the thousands digit of 40222?
0
What is the units digit of 6133?
3
What is the thousands digit of 52506?
2
What is the tens digit of 415?
1
What is the thousands digit of 1714?
1
What is the units digit of 761?
1
What is the thousands digit of 24427?
4
What is the thousands digit of 2087?
2
What is the tens digit of 1066?
6
What is the tens digit of 18972?
7
What is the units digit of 15308?
8
What is the thousands digit of 1345?
1
What is the tens digit of 1423?
2
What is the units digit of 31346?
6
What is the thousands digit of 5089?
5
What is the units digit of 1353?
3
What is the hundreds digit of 4954?
9
What is the tens digit of 911?
1
What is the thousands digit of 72096?
2
What is the ten thousands digit of 28436?
2
What is the tens digit of 9527?
2
What is the hundreds digit of 7866?
8
What is the ten thousands digit of 32089?
3
What is the thousands digit of 5455?
5
What is the units digit of 501?
1
What is the thousands digit of 1079?
1
What is the hundreds digit of 3124?
1
What is the hundreds digit of 877?
8
What is the tens digit of 163?
6
What is the units digit of 4374?
4
What is the units digit of 2703?
3
What is the units digit of 2908?
8
What is the units digit of 2889?
9
What is the thousands digit of 43979?
3
What is the tens digit of 410?
1
What is the hundreds digit of 14429?
4
What is the hundreds digit of 12433?
4
What is the units digit of 13111?
1
What is the units digit of 18196?
6
What is the hundreds digit of 843?
8
What is the tens digit of 390?
9
What is the hundreds digit of 22504?
5
What is the tens digit of 74?
7
What is the units digit of 354?
4
What is the hundreds digit of 1736?
7
What is the units digit of 2553?
3
What is the hundreds digit of 1221?
2
What is the units digit of 980?
0
What is the units digit of 64758?
8
What is the thousands digit of 11464?
1
What is the hundreds digit of 306?
3
What is the tens digit of 5974?
7
What is the hundreds digit of 753?
7
What is the ten thousands digit of 47193?
4
What is the tens digit of 8752?
5
What is the units digit of 4362?
2
What is the units digit of 90995?
5
What is the tens digit of 136717?
1
What is the thousands digit of 4578?
4
What is the units digit of 1405?
5
What is the hundreds digit of 4203?
2
What is the units digit of 175?
5
What is the units digit of 299?
9
What is the tens digit of 51334?
3
What is the units digit of 1238?
8
What is the hundreds digit of 2762?
7
What is the units digit of 11400?
0
What is the units digit of 802?
2
What is the units digit of 4157?
7
What is the thousands digit of 87538?
7
What is the units digit of 222?
2
What is the ten thousands digit of 49402?
4
What is the units digit of 246?
6
What is the tens digit of 37983?
8
What is the ten thousands digit of 25982?
2
What is the thousands digit of 8841?
8
What is the ten thousands digit of 93068?
9
What is the units digit of 4053?
3
What is the hundreds digit of 311?
3
What is the thousands digit of 2469?
2
What is the tens digit of 57910?
1
What is the tens digit of 98844?
4
What is the thousands digit of 3486?
3
What is the thousands digit of 4566?
4
What is the thousands digit of 63679?
3
What is the units digit of 7140?
0
What is the units digit of 2985?
5
What is the units digit of 8885?
5
What is the tens digit of 12471?
7
What is the tens digit of 2178?
7
What is the tens digit of 3359?
5
What is the hundreds digit of 949?
9
What is the tens digit of 5295?
9
What is the hundreds digit of 4353?
3
What is the hundreds digit of 2071?
0
What is the thousands digit of 14371?
4
What is the tens digit of 11635?
3
What is the hundreds digit of 6193?
1
What is the hundreds digit of 4230?
2
What is the ten thousands digit of 23492?
2
What is the tens digit of 2048?
4
What is the tens digit of 11254?
5
What is the thousands digit of 53331?
3
What is the hundreds digit of 5627?
6
What is the hundred thousands digit of 135606?
1
What is the units digit of 20773?
3
What is the ten thousands digit of 43233?
4
What is the units digit of 35930?
0
What is the thousands digit of 4771?
4
What is the tens digit of 22089?
8
What is the ten thousands digit of 15383?
1
What is the tens digit of 26984?
8
What is the units digit of 267?
7
What is the units digit of 43575?
5
What is the units digit of 305?
5
What is the hundreds digit of 270?
2
What is the hundreds digit of 1262?
2
What is the units digit of 567?
7
What is the tens digit of 89893?
9
What is the units digit of 2374?
4
What is the hundreds digit of 30624?
6
What is the tens digit of 4453?
5
What is the units digit of 482?
2
What is the units digit of 569?
9
What is the tens digit of 1528?
2
What is the hundreds digit of 5987?
9
What is the units digit of 5359?
9
What is the ten thousands digit of 133720?
3
What is the hundreds digit of 1484?
4
What is the tens digit of 665?
6
What is the tens digit of 3436?
3
What is the hundreds digit of 4564?
5
What is the units digit of 67?
7
What is the tens digit of 434?
3
What is the tens digit of 24245?
4
What is the tens digit of 29910?
1
What is the tens digit of 68301?
0
What is the units digit of 1612?
2
What is the thousands digit of 8608?
8
What is the units digit of 206?
6
What is the units digit of 38013?
3
What is the hundreds digit of 14502?
5
What is the hundred thousands digit of 141374?
1
What is the units digit of 3319?
9
What is the units digit of 2876?
6
What is the tens digit of 28488?
8
What is the tens digit of 2738?
3
What is the thousands digit of 45392?
5
What is the units digit of 49363?
3
What is the ten thousands digit of 23917?
2
What is the tens digit of 76906?
0
What is the tens digit of 4873?
7
What is the thousands digit of 1072?
1
What is the units digit of 568?
8
What is the tens digit of 20499?
9
What is the units digit of 12255?
5
What is the thousands digit of 2078?
2
What is the ten thousands digit of 12842?
1
What is the units digit of 17781?
1
What is the hundreds digit of 9